u(-150).
-3
Let v(t) = 5*t**2 + 391*t + 470. What is v(-77)?
8
Let m(l) = -207*l - 11738. Give m(-57).
61
Let t(w) = -147*w - 210. Determine t(-2).
84
Let v(d) = d**2 - 104*d + 754. Calculate v(8).
-14
Let w(t) = -5*t**3 + 18*t**2 - t - 9. Give w(5).
-189
Let v(s) = -6*s**2 + 18*s - 12. Determine v(-4).
-180
Let l(f) = -2*f**2 + 159*f + 1280. Determine l(-8).
-120
Let s(b) = -b**3 + 12*b**2 - 24*b + 33. Calculate s(10).
-7
Let y(n) = -n**3 + 37*n**2 - 36*n - 1. Determine y(36).
-1
Let s(f) = -2*f**2 - 4*f + 14. Calculate s(-12).
-226
Let h(k) = k**3 - 12*k**2 + 5*k - 63. Calculate h(12).
-3
Let u(b) = 2*b**3 + 11*b**2 - 20*b - 6. Calculate u(-7).
-13
Let w(x) = -x**3 + 21*x**2 + 107*x - 1866. Determine w(22).
4
Let f(q) = -57*q - 660. Calculate f(-14).
138
Let l(g) = -2*g**2 - 77*g - 211. What is l(-35)?
34
Let q(a) = 2*a**3 - 13*a**2 - 71*a - 10. Calculate q(-4).
-62
Let z(g) = -41*g**2 + 214*g + 12. What is z(5)?
57
Let b(p) = 47*p - 441. Calculate b(8).
-65
Let a(p) = 6*p**2 - 82*p + 11. Determine a(13).
-41
Let c(t) = -t**3 + 55*t**2 + 6*t - 338. Give c(55).
-8
Let b(o) = -3*o - 4. Calculate b(39).
-121
Let c(q) = -23*q - 171. Give c(-31).
542
Let z(q) = 3*q**2 + 29*q - 80. Determine z(-12).
4
Let k(p) = -54*p + 1828. What is k(34)?
-8
Let d(t) = t**3 - 11*t**2 - 41*t + 41. Calculate d(14).
55
Let f(j) = -j**3 + 85*j**2 - 154*j - 463. Determine f(83).
533
Let g(s) = -s**2 - 286*s - 18605. Calculate g(-186).
-5
Let k(i) = 16*i**2 - 159*i + 18. Give k(10).
28
Let z(l) = -l**2 + 40*l - 181. Calculate z(5).
-6
Let r(c) = c**2 + 1777*c + 3549. Give r(-2).
-1
Let k(s) = -268*s**3 - s**2 + 3*s + 3. Determine k(-1).
267
Let o(d) = 62*d**2 - 18*d - 28. Calculate o(-2).
256
Let t(y) = y**3 + 37*y**2 - 20*y + 654. Calculate t(-38).
-30
Let b(c) = c**3 + 2*c**2 + 23*c + 285. Calculate b(-6).
3
Let b(o) = 187*o + 7665. Give b(-41).
-2
Let q(b) = -b**3 + 47*b**2 + 191*b - 2054. Determine q(50).
-4
Let p(h) = -2*h**3 + 25*h**2 - 172*h + 1916. Calculate p(12).
-4
Let m(u) = u**3 - 4*u**2 + 4*u - 18. Calculate m(4).
-2
Let a(b) = 112*b + 65. Determine a(0).
65
Let n(q) = -1132*q - 15838. What is n(-14)?
10
Let n(y) = y**2 + 99*y - 318. Give n(3).
-12
Let v(g) = -16*g + 88. Calculate v(8).
-40
Let w(f) = -30*f**2 - 3*f + 4. Calculate w(1).
-29
Let v(i) = i**3 - 8*i**2 - 82*i - 84. What is v(-5)?
1
Let h(p) = -640*p + 5759. Give h(9).
-1
Let d(m) = -m**3 - 53*m**2 + 99*m + 2465. What is d(-54)?
35
Let j(x) = 9*x**3 + 2*x**2 - 2*x - 1. Give j(2).
75
Let g(y) = 46*y**2 + 23*y - 50. Give g(2).
180
Let l(d) = -18*d - 3. Determine l(3).
-57
Let c(a) = -98*a + 299. What is c(7)?
-387
Let a(g) = -12*g + 547. Determine a(36).
115
Let q(s) = 51*s - 7267. Calculate q(142).
-25
Let s(y) = y**3 + 50*y**2 + 516*y + 174. Determine s(-14).
6
Let g(x) = -673*x - 20854. Give g(-31).
9
Let d(m) = -691*m - 35943. Determine d(-52).
-11
Let v(h) = -288*h - 869. Give v(-3).
-5
Let g(l) = -2*l**2 + 5*l + 312. What is g(-11)?
15
Let t(l) = l**3 + 13*l**2 - 37*l - 114. What is t(-2)?
4
Let t(p) = 264*p + 9304. Calculate t(-35).
64
Let o(q) = -2*q**2 - 222*q - 440. What is o(-2)?
-4
Let m(w) = -92*w - 2027. Calculate m(-22).
-3
Let o(t) = 563*t + 1683. Determine o(-3).
-6
Let y(h) = -13*h**2 + 4*h - 32. Determine y(2).
-76
Let q(p) = -6*p**3 - 3*p**2 - 76*p - 306. Determine q(-4).
334
Let d(r) = 6*r + 131. Calculate d(-31).
-55
Let n(v) = -16*v + 1021. Calculate n(64).
-3
Let s(r) = -r**3 - 23*r**2 - 2*r + 33. What is s(-23)?
79
Let v(w) = 112*w + 1552. Determine v(-14).
-16
Let z(y) = -4*y + 5. What is z(-4)?
21
Let p(z) = -6680*z + 140276. Give p(21).
-4
Let a(j) = -j**2 + 104*j - 2614. Determine a(62).
-10
Let h(g) = 22*g - 292. Calculate h(13).
-6
Let j(b) = 10*b - 857. Calculate j(78).
-77
Let q(l) = -280*l + 12883. Give q(46).
3
Let x(y) = 3981*y - 43803. Give x(11).
-12
Let j(i) = i**3 + 11*i**2 + 31*i + 3. What is j(-5)?
-2
Let q(g) = -14*g**2 - 64*g - 19. Give q(-7).
-257
Let v(w) = 3*w**2 + 29*w + 15. Give v(-11).
59
Let g(w) = -2*w**2 + 150*w - 464. Calculate g(75).
-464
Let m(w) = -31*w**2 - 21*w - 16. Determine m(-3).
-232
Let w(v) = v**2 - 7*v + 32. What is w(-7)?
130
Let o(t) = 3*t**3 - 86*t**2 + 54*t - 38. Calculate o(28).
-94
Let l(y) = 59*y + 451. Determine l(-7).
38
Let d(j) = 12*j - 266. Give d(24).
22
Let g(d) = 17*d**2 + 263*d + 126. Determine g(-15).
6
Let z(v) = 44*v - 215. Determine z(5).
5
Let k(j) = 239*j + 1800. Give k(-8).
-112
Let h(f) = -f**3 + 43*f**2 - 224*f + 9. Calculate h(6).
-3
Let b(i) = 185*i - 2040. What is b(11)?
-5
Let i(v) = -17*v**2 - 98*v - 119. Give i(-4).
1
Let z(n) = n**2 - 81*n + 120. Give z(79).
-38
Let g(r) = -126*r + 488. Calculate g(4).
-16
Let g(u) = 121*u - 482. What is g(4)?
2
Let j(y) = -22*y + 1. Give j(-7).
155
Let a(r) = 36*r + 330. Calculate a(-9).
6
Let k(v) = -151*v + 2566. Determine k(17).
-1
Let t(k) = 18*k + 348. Determine t(11).
546
Let j(m) = -5*m + 2. Determine j(-10).
52
Let p(z) = z**3 - 27*z**2 + 75*z. Give p(3).
9
Let b(u) = 2*u**2 + 41*u + 199. What is b(-13)?
4
Let h(y) = 1396*y + 19536. Calculate h(-14).
-8
Let r(o) = o**2 + 31*o + 115. Calculate r(-27).
7
Let d(u) = u**2 - 140*u + 2788. Calculate d(116).
4
Let y(o) = o**3 + 37*o**2 + 35*o - 62. Calculate y(-36).
-26
Let z(f) = f**2 - 341*f + 11259. What is z(37)?
11
Let b(d) = 13*d**2 - 11*d - 35. Determine b(2).
-5
Let d(n) = -n**2 + 13*n + 472. What is d(29)?
8
Let y(v) = -1553*v + 3115. Give y(2).
9
Let b(a) = 19*a - 268. Calculate b(20).
112
Let x(t) = t**2 - 97*t + 1844. Give x(71).
-2
Let l(y) = y**3 + 16*y**2 - 20*y + 20. Calculate l(-16).
340
Let c(h) = 741*h + 73345. What is c(-99)?
-14
Let o(d) = 59*d - 527. Determine o(9).
4
Let o(i) = 29*i + 1316. Determine o(-44).
40
Let w(x) = -2*x**3 - 3*x**2 - 43*x - 201. Give w(-4).
51
Let t(v) = -81*v - 547. Determine t(-5).
-142
Let z(q) = 4*q**2 - 5*q + 13. Give z(-9).
382
Let h(f) = -4*f**3 - 215*f**2 + 54*f - 32. Calculate h(-54).
-32
Let p(t) = 7*t**2 - t + 347. What is p(0)?
347
Let l(b) = -2*b**3 + 17*b**2 + 12*b + 15. Give l(8).
175
Let u(x) = 75*x - 1244. Give u(15).
-119
Let p(n) = 61*n**2 - 6*n + 8. What is p(1)?
63
Let h(f) = 2*f**3 + 5*f**2 + 2*f + 4. Give h(-3).
-11
Let h(d) = -8*d - 42. What is h(-18)?
102
Let m(i) = -i**2 + 248*i - 2820. What is m(12)?
12
Let g(l) = 11*l**2 + 1644*l + 3972. What is g(-147)?
3
Let k(s) = s**2 - 39*s + 244. Determine k(20).
-136
Let a(m) = -m**3 + 17*m**2 - 8*m + 6. Calculate a(16).
134
Let x(i) = 550*i - 115503. Calculate x(210).
-3
Let t(o) = -o**2 + 227*o - 12647. Determine t(98).
-5
Let r(z) = -2*z**3 - 3*z**2 - 4*z + 1. What is r(3)?
-92
Let l(y) = -11*y**2 + 66*y + 9. Determine l(6).
9
Let o(u) = 3*u**3 + 48*u**2 - 38*u + 8. What is o(-17)?
-213
Let t(x) = -8*x**2 + 4*x + 65. What is t(-6)?
-247
Let s(o) = -165*o - 1650. Give s(-10).
0
Let f(j) = -15*j**3 - 10*j**2 + j + 6. Calculate f(3).
-486
Let o(j) = j**3 - 5*j**2 + 25*j - 195. Calculate o(6).
-9
Let k(p) = -10*p**3 + 3*p**2 + 5*p - 1. Calculate k(-2).
81
Let m(a) = 2*a**2 - 97*a - 51. Determine m(49).
-2
Let s(o) = -6*o - 316. Determine s(-28).
-148
Let r(a) = -a**3 + 2*a**2 + 24*a - 34. Give r(8).
-226
Let y(t) = -4*t**2 + 1135*t - 9887. Give y(9).
4
Let j(i) = -34*i**2 + 425*i - 195. What is j(12)?
9
Let z(x) = 1196*x + 3579. What is z(-3)?
-9
Let n(l) = 520*l - 18256. Determine n(35).
-56
Let p(j) = 66*j**2 + j - 21. Determine p(3).
576
Let q(i) = -2*i**2 - 678*i - 37650. What is q(-269)?
10
Let k(y) = -y**3 - 32*y**2 - 32*y - 53. Give k(-31).
-22
Let o(x) = -x**3 - 11*x**2 + 318*x - 1. Determine o(13).
77
Let g(k) = -k**2 - 117*k - 854. Give g(-111).
-188
Let g(x) = -109*x - 4267. Calculate g(-36).
-343
Let j(k) = 46*k**2 - 967*k + 16. Give j(21).
-5
Let a(x) = -220*x**3 + 661*x**2 - x - 8. What is a(3)?
-2
Let m(t) = 2*t**3 - t**2 - 33. Calculate m(5).
192
Let o(s) = 132*s**2 - 887*s - 229. What is o(7)?
30
Let x(h) = h**2 + 1181*h - 7123. Determine x(6).
-1
Let s(z) = -4*z**3 - 12*z**2 - 14*z - 44. Calculate s(-3).
-2
Let d(z) = 477*z**2 - 4298*z + 21. Give d(9).
-24
Let l(h) = -644*h + 1942. Determine l(3).
10
Let r(o) = o**2 - 29*o + 114. Give r(24).
-6
Let k(h) = -52*h + 30. Calculate k(5).
-230
Let w(a) = -a**3 + 4*a**2 + 36*a. Calculate w(-6).
144
Let k(n) = -406*n + 1208. What is k